 common factor of 1311 and z?
69
Suppose 25*d - 181 - 219 = 0. Let s = 19 + -15. What is the highest common divisor of d and s?
4
Suppose 7*g = 8*g - 38. Suppose 2*y - 2*j = 6*y + g, 3*y = 2*j - 18. Let z be (3 + -2 + y)*-1. What is the greatest common divisor of 77 and z?
7
Let g(c) = -28*c - 186. Let j be g(-54). Calculate the greatest common divisor of 156 and j.
78
Let x(v) = v**3 + 5*v**2 - 7*v + 9. Let g be x(-6). Let y be (-5)/(-3) - 10/g. Let h be 19 + (1 - 0)*y. What is the greatest common divisor of 8 and h?
4
Let i(h) = 24*h**2 + 8*h - 4. Let c be i(-6). Suppose -c = -10*z + 98. What is the greatest common factor of 13 and z?
13
Let h(b) = b**2 - 7*b - 1. Let o be h(6). Let t(m) = -2*m - 10. Let n be t(o). Suppose -16 - 4 = -n*u. What is the highest common divisor of u and 20?
5
Let m(w) = 35*w**2 - 3*w. Let n be m(3). What is the highest common divisor of n and 34?
34
Let w be (3718/(-1352))/((-2)/8). Let j be 8/20 + 438/5. What is the greatest common divisor of j and w?
11
Let x(u) = -u - 25. Let t be x(-13). Let z be (t/9)/((-6)/9). Suppose -z*p + 44 = 2*p. What is the greatest common divisor of p and 121?
11
Let n be (-326)/9 + (-8)/(-36). Let j be (-102*(-4)/(-6))/(-2) - -3. Let k = n + j. Calculate the highest common factor of k and 1.
1
Suppose 5*o - 12 - 3 = 0. Suppose -28 = -2*d - o*w, -d + 5*w = d + 4. What is the greatest common divisor of d and 20?
4
Let p be ((-252)/45)/((-12)/1110). What is the highest common divisor of 56 and p?
14
Let p = -168 - -248. Calculate the highest common divisor of p and 680.
40
Let b(d) be the first derivative of d**4/4 - 7*d**3/3 + 4*d**2 + 3*d - 2. Suppose -3*p = -10 - 8. Let v be b(p). What is the greatest common factor of 60 and v?
15
Let n = -76 + 141. What is the highest common factor of 13 and n?
13
Suppose -4*s + 1051 - 667 = 0. Suppose 3*o + w = 35, -2*o + 13 = -o - w. Calculate the greatest common divisor of s and o.
12
Suppose -c - 1 + 9 = h, -4*c + 3*h + 53 = 0. Suppose 0 = n - 43*p + 46*p - 37, 3*n - 3*p - 183 = 0. Calculate the highest common divisor of n and c.
11
Let s be 4/((-5)/(25/2)). Let g = 21 + s. Calculate the greatest common factor of 99 and g.
11
Let d be (-15)/(-10)*(44/3 - -6). Calculate the greatest common factor of d and 496.
31
Let r = 42 - 22. Let h(o) = -o + 7. Let y be h(-13). Let p be (10/15)/((-4)/(-30))*y. What is the highest common divisor of r and p?
20
Suppose 731 = 24*h - 3805. Calculate the highest common factor of 42 and h.
21
Suppose 84 = 121*l - 114*l. Calculate the greatest common factor of l and 156.
12
Suppose 4*h + 2*n = -406 - 838, 2*h - 3*n + 606 = 0. Let f be h/(-15) - 12/20. What is the greatest common divisor of 60 and f?
20
Suppose 3*b + 74 = 5*u, 8*u + 74 = 12*u + 5*b. Calculate the greatest common divisor of u and 592.
16
Let h = -486 - -702. Suppose -104*c - h = -107*c. What is the greatest common factor of c and 9?
9
Let m = 0 - -3. Suppose -w + 35 - m = 0. Suppose -4*k = -w - 120. Calculate the greatest common factor of k and 57.
19
Suppose 29*q = 6*q + 1472. Calculate the greatest common divisor of 48 and q.
16
Suppose 14*y + 691 = 15*y + 3*t, 0 = 5*y - 2*t - 3489. What is the highest common factor of y and 17?
17
Let l(w) be the second derivative of -w**4/12 - 4*w**3/3 - w**2 - 18*w. Let z be l(-7). Calculate the highest common divisor of z and 2.
1
Suppose 3*a + 2 = 38. Let h = a + 3. What is the greatest common divisor of 45 and h?
15
Suppose 20 = 6*f - f. Suppose 4*a - 32 = -4*m, -m = -f + 6. What is the highest common divisor of a and 40?
10
Suppose 2*n + n + 2*m - 27 = 0, -4*n + 5*m + 36 = 0. Let a be 30*(42/n - 4). What is the greatest common divisor of a and 30?
10
Suppose 5*w + 9 - 139 = 0. Suppose 0 = 3*a - 4*o - 542, 3*a - o - 684 = -139. Calculate the greatest common factor of a and w.
26
Let a be ((-20)/(-25))/(3/15). Suppose j = -a*j + 350. Calculate the highest common divisor of j and 28.
14
Let z(a) = 10*a**2 - 30*a - 170. Let r be z(-5). What is the greatest common factor of r and 50?
10
Suppose 0 = 5*t + 4*v - 288, 2*t - 4*t + 108 = 4*v. Calculate the highest common factor of 108 and t.
12
Suppose 0*o - 564 = -4*o - 4*w, 0 = 5*o - 4*w - 732. Calculate the greatest common factor of 36 and o.
36
Let a be -1 - -29 - 6/2. Suppose 3*u - a = -2*u. Suppose 0 = -3*l + 85 - 25. Calculate the greatest common divisor of l and u.
5
Suppose -4 = -q + 4. Suppose -q*a - 78 = -9*a. Calculate the greatest common divisor of 13 and a.
13
Suppose -3*o + 1890 = 24*o. What is the greatest common divisor of o and 1120?
70
Suppose -2 = 4*x - 10. Suppose 4 = x*r - 4. Suppose 174 = r*m - 2*j, 60 = -2*m + 3*m + 5*j. What is the highest common factor of m and 18?
9
Let w be (100/(-16))/((-2)/128). Calculate the highest common factor of 32 and w.
16
Let q(n) = n**3 - 7*n**2 + 6*n + 3. Let x be q(6). Suppose -x*u + 48 = u. What is the greatest common factor of 96 and u?
12
Let g = 22 - 19. Suppose 0 = -4*h - g*u + 33, 5*u + 3 = 2*h + 2*u. Suppose -n = -h*n + 90. Calculate the greatest common factor of n and 144.
18
Let l be 15/(-10) + (-155)/(-10). Calculate the highest common divisor of l and 7.
7
Suppose -18*b = 16*b - 238. What is the greatest common factor of b and 448?
7
Let k = 1265 - 1101. Calculate the highest common divisor of 615 and k.
41
Let x be -3 + (0 - (-17 + (-3 - -6))). Calculate the highest common divisor of x and 484.
11
Suppose -1162*c + 1167*c = 45. What is the greatest common divisor of 3 and c?
3
Suppose 0 = 24*q + 13*q - 666. Calculate the greatest common factor of q and 234.
18
Let q(g) = -g**2 - 49*g + 158. Let w be q(3). Let j be 2/(0 + 0 + 1). Suppose b + 15 = w*k, 0*k = -k - j*b - 5. What is the greatest common divisor of k and 1?
1
Suppose -3*j = -3*v - 102, 4*j - 2*v - 28 - 104 = 0. Calculate the highest common factor of j and 128.
32
Let d be 181/5 - 3/15. Let a be 2/(-9) - (-332)/d. What is the highest common factor of a and 90?
9
Let m(k) = 240*k - 135. Let w be m(4). Calculate the greatest common factor of w and 30.
15
Suppose -9*x - 3*x = -240. Let c(q) = 17*q**2 - 5*q + 2. Let a be c(3). Calculate the highest common divisor of a and x.
20
Let v(y) = -12*y - 112. Let n be v(5). Let a = -159 - n. Let z = 67 - 41. What is the greatest common factor of z and a?
13
Let o(l) = -21*l + 37. Let v = -9 + -4. Let f(j) = -10*j + 18. Let r(g) = v*f(g) + 6*o(g). Let u be r(12). Calculate the greatest common divisor of u and 24.
12
Suppose -3*d + d = -l + 40, 5*l = -5*d + 230. Suppose -3*p + 7 = -5*g, g = -5*p + 3 + 18. Calculate the highest common divisor of p and l.
4
Suppose c = 3*h - 32, -7*c + 2*c + 20 = 0. What is the greatest common divisor of h and 84?
12
Let y = 10 - 15. Let f be 6/8*(160/(-12))/y. What is the highest common factor of f and 3?
1
Suppose 0*t - q = 3*t - 905, -2*t - 2*q + 602 = 0. Suppose 302 + t = 3*d + 2*w, 2*d = -4*w + 408. What is the greatest common divisor of 8 and d?
8
Let x = 31 + -20. Let u be -9 - -11 - 1*33. Let h = x - u. Calculate the greatest common divisor of 6 and h.
6
Let l(j) = 5*j - 15. Let g be l(11). What is the greatest common factor of 280 and g?
40
Suppose 4*l - z - 120 = 0, -150 + 34 = -4*l + 2*z. Calculate the greatest common divisor of 279 and l.
31
Suppose -4*k + 2*v + v = -55, 5 = k + v. Suppose -7*i = k - 402. Let h(s) = -13*s - 7. Let l be h(-7). What is the highest common divisor of i and l?
28
Let h(v) = -v**3 - 5*v**2 + 4*v - 2. Let u be h(3). Let m = -47 - u. Calculate the highest common divisor of 45 and m.
15
Suppose 3*i - 30 = 4*w, i - 1 = 2*i - 5*w. Calculate the greatest common factor of 56 and i.
14
Let x = -2716 + 5253. Calculate the greatest common factor of x and 43.
43
Suppose 3 = 7*u - 6*u. Suppose v + u = 0, -5*h = -2*v - v - 89. Calculate the greatest common factor of 12 and h.
4
Suppose 4*i - 45 = 3. Let z be 16/(-20)*-21 + 4/20. Let s = 19 + z. What is the highest common divisor of i and s?
12
Suppose -39 = 4*w - 2*j - 179, 3*j + 144 = 4*w. Calculate the greatest common factor of 33 and w.
33
Let n be (-144)/(-6)*((-4)/(-3) - 1). Suppose 0 = -11*i + n*i + 33. Let a = 27 + 6. Calculate the greatest common divisor of a and i.
11
Let y = 118 - 58. Let t be (4 - (6 + -3)) + -27. Let b = t + 46. What is the greatest common divisor of y and b?
20
